e h(-6). Let d(m) = -m + 9. Let q be d(v). What are the prime factors of -2*((-15)/q - -2)?
11
Suppose -r = 6*s - 7*s - 932, 2802 = 3*r - 5*s. List the prime factors of r.
929
Suppose 4*s - 449 = -g, -g = g - 2. Suppose 83 + s = 5*j. List the prime factors of j.
3, 13
Let z(h) = -h. Let g be z(-3). Suppose 5*x + g*q + 0*q = 106, -x + 3*q + 32 = 0. What are the prime factors of x?
23
Let k be 10*(4/(-14) - (-50)/28). Let s = 68 - k. What are the prime factors of s?
53
Suppose -2*x + 4 = -0. Let k be (x - 114/9)*-6. Suppose -3*q = -4*q + k. What are the prime factors of q?
2
Suppose -42*t + 57086 + 64336 = 0. What are the prime factors of t?
7, 59
Let k be ((-20)/(-8)*-2)/(-1). Suppose -k*p + 108 - 28 = 0. List the prime factors of p.
2
Let n(q) = -q**2 + 2*q + 4. Let p(f) = 3*f**2 - 5*f - 13. Let a(z) = -7*n(z) - 2*p(z). What are the prime factors of a(6)?
2, 5
Suppose -10*t - 5*m + 21200 = 0, t - 2524 + 422 = -5*m. List the prime factors of t.
2, 1061
Let h(z) = 35*z**2 - 3*z - 5. Let a be h(-2). Suppose -43 = 2*p - a. What are the prime factors of p?
7
List the prime factors of 1/(9/11691)*1.
3, 433
Let x = 291 + -527. Let o = 345 + x. List the prime factors of o.
109
Let q(v) = -2*v**2 + 3*v - 8. Let n be q(-4). Let x = -19 - n. What are the prime factors of x?
3, 11
Let j(p) = -6*p + 5 + 4*p - 17. Let i be j(-6). Suppose i = 5*z - 42 - 83. What are the prime factors of z?
5
Let u(n) = -n**3 - 2*n**2 - n - 10. Suppose r = -3*r - 20. List the prime factors of u(r).
2, 5, 7
Let z(a) be the second derivative of -a**3/2 - 23*a**2/2 + 13*a. What are the prime factors of z(-11)?
2, 5
Let t(r) = -r**3 + r**2 + 44. Let l(o) = o**3 - 4*o**2 + 4*o - 3. Let y be l(3). What are the prime factors of t(y)?
2, 11
Suppose 17 = -5*j + 2. Let s(x) = 3*x + 11. Let p be s(j). List the prime factors of (31/2)/(p/8).
2, 31
Suppose 6*n - 3*n - 2*h = 2878, 0 = -5*h + 5. What are the prime factors of n?
2, 3, 5
Suppose -11*p - 40 = -7*p. Let m be (0 - 1)/(p/100). Let s = 24 - m. What are the prime factors of s?
2, 7
Let g(b) = b**3 + b**2 - 4. Let d be g(0). Let j be d*3/(-6)*2. Suppose -4*w + y + 168 - 50 = 0, 124 = j*w + 2*y. List the prime factors of w.
2, 3, 5
Suppose -11*r - 8 - 36 = 0. List the prime factors of (r/5)/(((-36)/6)/30).
2
Let w = -91 - -155. Let k = w + -34. What are the prime factors of k?
2, 3, 5
What are the prime factors of 20/(-45) - (-2)/(18/17095)?
3, 211
Let n(v) = 2*v**3 + 4*v**2 + 2*v. Let g be n(-2). List the prime factors of -5*(2*2/g - 3).
2, 5
Let j = -44 + 53. Let d = 25 + j. List the prime factors of d.
2, 17
Let q(k) = -16*k - 4 - 17*k + 3 - 23. Let j be q(-7). What are the prime factors of (j/(-6))/((-9)/12)?
2, 23
Let h(p) = 28*p**2 + 3*p - 14. List the prime factors of h(2).
2, 13
Let w(x) = -5*x**2 + 7*x**2 - 14*x + 4*x**2 - 6*x**3 - 7. Let k(q) = q**3 + q**2 + q - 1. Let r(v) = -5*k(v) - w(v). What are the prime factors of r(10)?
2
Let y(w) = -3*w + 996. List the prime factors of y(0).
2, 3, 83
Let u be (-265)/(-3) + 3 + (-6)/(-9). Suppose 4*g = b - 23, -5*g + u = 7*b - 3*b. List the prime factors of b.
23
Let x be 6/10 - ((-231)/15 - -3). Suppose 2*k = -x + 3, -5*h - 4*k = -1060. List the prime factors of h.
2, 3
Let v = 136 + -124. Suppose v + 67 = o. What are the prime factors of o?
79
Let h(j) = 4*j**2 + 3*j + 1. Let v be h(-2). Suppose 3 - v = -2*r. Suppose -r*s + 77 = -s - k, 2*s - 5*k - 73 = 0. List the prime factors of s.
2, 3
Suppose 0 = 4*m + 395 - 2019. List the prime factors of m.
2, 7, 29
Let m = 17 - 17. Let u be -3 + m - -9 - 4. Suppose -5*q - 75 = -d - 26, 0 = -q - u. What are the prime factors of d?
3, 13
Let i(a) = 16*a + 510. What are the prime factors of i(47)?
2, 631
Let a be (6/(1 - 2))/(-2). Let z(b) = 21*b**2 - 2*b + 3. Let f be z(1). Suppose k + f = a*k. What are the prime factors of k?
11
Suppose -3 = 5*w - 13. Let b be -4 + w - (-113 - 1). Suppose 0 = -3*c + 7*c - b. What are the prime factors of c?
2, 7
Let y be 7 + 0 - (8 + -6). Suppose -y*w - 50 = -5*o, 5 = -4*w - 11. Let k(x) = -x**2 + 9*x - 9. What are the prime factors of k(o)?
3
Let x be (-4)/4 + -63 + -1. Let n = -35 - x. List the prime factors of n.
2, 3, 5
List the prime factors of ((-7587)/(-63) - -2) + 3/(-7).
2, 61
Let h(i) = 2*i**2 - 34*i - 37. List the prime factors of h(-16).
1019
Let i = 2 - 2. Suppose -2*g + 8 = 2*n - i*g, 4*g = -3*n + 15. Suppose -7 = s - 5*z, -2*z + 5 = -n. What are the prime factors of s?
2
Suppose t + 16 = -3*t, 5*n + t = 11. Suppose 2*d + g = -3*g + 114, -3*d + 156 = n*g. List the prime factors of d.
47
Let k(n) = 0 + 5*n**2 - 3*n - 16 + 4*n**2 + n**3. Let r be k(-7). Suppose 4*g - r = 73. List the prime factors of g.
2, 11
Let h(g) = g**2 + 2*g + 14. Let j be 23/(-5) - (-18)/30. Let p be (-18)/j*8/6. List the prime factors of h(p).
2, 31
Let j = 19 - -31. Let x be 1/(j/48 - 1). Suppose 146 = 2*k + x. What are the prime factors of k?
61
Suppose 4*l - 11*l = -63. Suppose -830 = -l*h + 4*h. List the prime factors of h.
2, 83
Suppose -24 = -3*g - 3*k, 10*k - 11*k - 2 = -g. Suppose 4*c - 502 = g*x + 396, 1114 = 5*c - 2*x. List the prime factors of c.
2, 3, 37
Let n be (-4 + 3)*-5 - 1. Suppose y = n*g + 3, 3*y = -5*g + 6*y + 5. List the prime factors of g*(-1 + (-2)/4).
3
Let l(v) = 2*v - 1. Let s be l(3). Let c be ((-6)/4)/(3 + 132/(-40)). Suppose -z + 5*i - 7 = -c*z, -5 = s*i. What are the prime factors of z?
3
Suppose -4*y = -y - 9, 2*x = -2*y + 16. Suppose n + 2*t - 75 = 0, -t + 375 = x*n + t. What are the prime factors of n?
3, 5
What are the prime factors of (-36)/16*(-3 - 607)*2?
3, 5, 61
Let v(i) = 14*i**2 - 4*i + 124. What are the prime factors of v(8)?
2, 13, 19
What are the prime factors of 216/45 + -4 - 14806/(-5)?
2, 1481
Let n(u) = 6*u - 9. Let w be n(2). Suppose 0 = -p - 2*z + 63, -2*p + w*z = -4*p + 121. What are the prime factors of p?
53
Suppose 266*x = 257*x + 7209. What are the prime factors of x?
3, 89
Let m(z) = 48*z**3 - 4*z**2 + z - 8. What are the prime factors of m(5)?
5897
Let l(y) = -2*y + 22. What are the prime factors of l(-7)?
2, 3
Let i be 0 - 4 - (6 + (-12 - 0)). Suppose -s = 3*s - d - 823, -i*s - 5*d + 417 = 0. What are the prime factors of s?
2, 103
Suppose 2*f = u - 2 + 1, 27 = 5*u + f. Suppose 0*r + 55 = u*r. What are the prime factors of r?
11
Let t be -2*(78/(-4) + -1). Let h = t + -11. List the prime factors of h.
2, 3, 5
Let t = -42 - -22. Let m = 22 + t. What are the prime factors of (152/(-10))/(m/(-5))?
2, 19
Suppose -13 = -2*f - 5. Suppose -q + 69 = f*b - 225, q + 2 = 0. What are the prime factors of b?
2, 37
List the prime factors of (-3 - (9 + -6))*-419.
2, 3, 419
Let l be 14/4 + (-12)/8. Suppose a - 2*a + l = 0. Suppose u - a = -0*u, -3*q + 4*u = -10. What are the prime factors of q?
2, 3
Suppose -15*s + 1696 = s. What are the prime factors of s?
2, 53
List the prime factors of -681*(-3)/(-6)*40/(-15).
2, 227
Let c = 38 + 158. What are the prime factors of c?
2, 7
Suppose 3*a + 4303 = 5*c, c - 7*a = -3*a + 847. What are the prime factors of c?
863
Suppose 1207 = 5*o - 383. Suppose 0 = 4*h - 698 - o. What are the prime factors of h?
2, 127
Suppose -3*p - 3*r + 106 = 2*r, -p + 38 = r. Let v be (-547820)/(-1690) + ((-22)/(-26) - 1). What are the prime factors of (-4)/(-14) + v/p?
2
Let g = 1478 - 985. What are the prime factors of g?
17, 29
Let t(b) = -b**2 - 7*b - 6. Let j(a) = 2*a + 4. Let q be j(-5). Let x be t(q). List the prime factors of (12 - (-1 - x))*1.
13
Suppose 7*r = -0*r + 35. List the prime factors of (-1145)/(-5) + r/1.
2, 3, 13
Let b(k) = 9*k - 34. Let q be b(4). Suppose q*j = -4*x + 346, -4*x + 9*j = 7*j - 342. List the prime factors of x.
2, 43
What are the prime factors of ((-323)/95)/((-8217)/(-2055) + -4)?
17, 137
Suppose -3*f = 1273 - 8266. List the prime factors of f.
3, 7, 37
Suppose -12*d + 9459 = -8*d - 3*k, -5*k + 2382 = d. List the prime factors of d.
3, 263
Let t(i) be the second derivative of -11*i**3/3 + 7*i**2/2 - 12*i. List the prime factors of t(-3).
73
Suppose 11*o - 144 + 12 = 0. List the prime factors of o.
2, 3
Let h = 151 - 141. Suppose -h*k = -12*k + 460. List the prime factors of k.
2, 5, 23
Let d = 157 - 479. List the prime factors of ((-5)/(-7)*-12)/(46/d).
2, 3, 5
Suppose -22*p = -18*p - 2040. What are the prime factors of